b + 6*b. What is the units digit of w(-2)?
4
Suppose -53*y + 2555494 - 915833 = 0. What is the ten thousands digit of y?
3
Suppose 21 = -3*w, 0 = s + 3*s + 2*w - 30110. What is the units digit of s?
1
What is the thousands digit of (13730/6)/(93/279)?
6
What is the thousands digit of (-260130)/(-24) + 21/(-12)?
0
Let w = 17 + -33. Let c be 10/4 + w/(-32). Suppose -555 = -5*k - 5*q, 4*k = -c*q + q + 452. What is the hundreds digit of k?
1
Suppose -56*x = 81*x - 180*x + 1599428. What is the thousands digit of x?
7
What is the ten thousands digit of -10 + 14285 + -1 + 10?
1
Suppose -4*w + 4467 = b, 5*w + 13*b - 8*b - 5580 = 0. Suppose -q - 10*f + 1123 = -12*f, 4*f - w = -q. What is the hundreds digit of q?
1
Let k be -1 + 193 - 0/4. Suppose 0 = -25*z + 621 - 171. Suppose -z = 6*y - k. What is the units digit of y?
9
Let r(n) = -690*n + 38. What is the hundreds digit of r(-7)?
8
Let k(t) = 2*t**2 - 14*t - 12. Let o(r) = -2*r**3 + 11*r**2 - 3*r - 7. Let a be o(5). Suppose z + 2*d = 2, 29 = -a*z + 5*z - d. What is the units digit of k(z)?
8
Let o(a) = -a**3 + 11*a**2 - 12*a + 35. Let w(g) = -g**3 + 2*g**2 + 6*g - 2. Let p be w(2). Let z be o(p). Let x = 146 - z. What is the units digit of x?
1
Let l(v) = -4*v**3 + 11*v**2 - 3*v - 166. What is the tens digit of l(-11)?
2
Suppose -4*m = -3*i + 39, -3*m - 45 = -4*i - 0*m. Suppose -5*l = -5*t - 55, l - 4*t - i - 11 = 0. Let b(v) = 39*v - 52. What is the units digit of b(l)?
0
Suppose 0 = -33*o - 22*o + 1389739 - 454684. What is the ten thousands digit of o?
1
Let c(q) = -10*q**2 + 139*q + 87. Let t be c(9). Let x = -264 - 73. Let b = x + t. What is the tens digit of b?
9
Let b be 72/(-32) + 2/8. Let m be 8/b*(4 + -2 + -3). Suppose -z - 1 = 0, -z - 165 = m*p - 8*p. What is the units digit of p?
1
Suppose -3*h - 2*h + 10 = 0. Suppose -6*x = -h*x - r - 445, -3*x - 5*r = -351. Suppose -101 = -3*a + x. What is the units digit of a?
1
What is the thousands digit of 2936 - (-22 - (-10 - -1))?
2
What is the ten thousands digit of 27227 - 4*(-3)/9*84/56?
2
Let x(b) = 73*b**2 + 8*b + 134. What is the hundreds digit of x(-13)?
3
What is the hundreds digit of (-5 - 0) + 56 + 47758?
8
Let q(k) = k**2 - 5*k**2 + 20 + 2*k - 4*k - 2*k**3 + 5*k**2. What is the tens digit of q(0)?
2
Let d = 10584 - 2952. Suppose -24*o + 30*o = d. What is the units digit of o?
2
Let q(v) = -v**3 + 9*v**2 - 6*v + 8. Suppose 39 = -3*g + 54. Suppose g*j - 12 = -2*s + 2*j, 4*j = 0. What is the tens digit of q(s)?
8
Let p(x) = -10 - 1 + 2 - 15 - 84*x. What is the units digit of p(-4)?
2
Let l be -3 + 21/49*7. Suppose l = -g - v + 165 - 66, 0 = 3*g - 3*v - 315. What is the tens digit of g?
0
Let b(v) = 406*v + 849. What is the hundreds digit of b(15)?
9
What is the ten thousands digit of 1/((-19)/(-224730)) - (-904)/8588?
1
What is the tens digit of 5098 - -6*(-6)/(48/(-8))?
0
Suppose 21*k = k + 127000. Suppose 4*q - k = 1366. What is the thousands digit of q?
1
Let m(u) = -u**2 + 13*u - 17. Let z be m(11). Suppose -z*p = -i + 4*i - 3685, 2*p - 4*i = 1474. Let j = -496 + p. What is the tens digit of j?
4
Suppose 7*q = -33*q + 2400. What is the tens digit of 15524/10 - 24/q?
5
Let k(m) = -m**3 + 8*m**2 + 11*m - 14. Let n be k(9). Suppose n*w = -8, 0*r + 4*r + 2*w + 76 = 0. What is the units digit of (4/(-6))/(r/27)?
1
Suppose -21*o = 7*o + 65459 - 510799. What is the thousands digit of o?
5
Let z = 260 - 255. What is the tens digit of (z/(-4))/((-15 - -4)/7172)?
1
Let t(v) be the second derivative of 3*v**3/2 + 191*v**2 - 6*v - 4. What is the units digit of t(0)?
2
Suppose 2*i - 60 = 3*o, 0 = -0*i + 5*i - o - 124. Suppose 19*b = i*b - 1860. What is the hundreds digit of b?
3
Let k = 2097 - 856. Let u = 2210 - k. What is the tens digit of u?
6
Suppose 8 = -4*n, -187563 = -5*r + n + 158734. What is the hundreds digit of r?
2
Suppose 0 = 5*s + 5*h - 295005, 0 = 8*s - 28*h + 29*h - 472050. What is the hundreds digit of s?
0
Let h(l) = -l**3 + 9*l**2 + 6*l - 1. Let f be h(10). Let b be f/(2 - (-3 + 6)). Suppose k - 4 = b. What is the tens digit of k?
4
Let g = 2588 - 1727. Suppose 0 = 4*n - g + 237. Suppose -n = -2*q + 78. What is the units digit of q?
7
Suppose -15771 = -164*u + 143*u. Suppose u = -12*r + 2455. What is the units digit of r?
2
Suppose 0 = -4*r + 2*m + 326172, 6*r = 11*r + 4*m - 407663. What is the units digit of r?
9
Let j = -79431 + 112387. What is the thousands digit of j?
2
Let o(k) = 15*k**3 + 9*k**2 - 5*k - 1. Let q be o(7). Suppose 10*c = 5*c + q. Suppose 11*y = y + c. What is the units digit of y?
1
Suppose -16 = -4*d, 0 = -3*q - d - 3*d + 61. Let o(v) = -12 + 0 - 13*v + 40 - 18*v**3 + 17*v**3 + 17*v**2 - 15*v. What is the tens digit of o(q)?
5
Let v(k) = 7 - k + 2 + 0*k + 1. Let y be v(7). Suppose -f + 22 = 3*f + y*s, -5*f = -2*s - 39. What is the units digit of f?
7
Let d(r) = 124*r**2 - 26*r - 237. What is the tens digit of d(-7)?
2
Let x be (-1)/4 - 3/(-12). Let m(l) = l**3 + l + 3. Let u be m(x). Suppose -u*d - 16 = -58. What is the tens digit of d?
1
Let y = 876 + -872. Suppose 5*c - 5*k = 1155, 2*c + 2*k = 3 + 479. Suppose 0 = -2*m - b + 95, -m - 3*b = y*m - c. What is the units digit of m?
9
Let y be 130/(-3 + 67/22). Suppose 3*h + 8*h + y = 0. Let n = h - -445. What is the units digit of n?
5
Suppose -20*y = -26*y + 12. Suppose -4*z = y*g - 456, -5*g + 3*g = -5*z - 420. What is the units digit of g?
0
Suppose 0 = 5*w - 4*b - 22, 0 = -4*w - 0*b - 4*b + 32. Suppose -4234 = -w*x - 40. What is the tens digit of x?
9
Let u(w) = 132*w**2 - 4*w - 39. What is the ten thousands digit of u(-15)?
2
Let c(r) = -63*r - 66. Let m be c(-3). Suppose 0 = -2*f + 655 - m. What is the hundreds digit of f?
2
Suppose 102*h - 175*h = -138*h + 4101565. What is the hundreds digit of h?
1
Let k be (-2)/(-9) + (-100)/(-36) + 63. Let z = k + -64. Suppose s - 158 - 5 = -2*g, -z*s + 5*g = -281. What is the tens digit of s?
5
Let u be 23/46 - (-13)/2. Suppose 8*b - u*b - 1 = 0. What is the tens digit of 1/(b/(-147)*(-12)/8)?
9
Suppose 0 = -3*r - 3*c - 12, -4*r - 6 = -r + c. Let p be (-15)/(r*(-1)/(-2)*2). What is the units digit of -1*(p/(-9) + 0)*15?
5
Suppose 0 = -2*n - i + 24569 - 2403, n = 5*i + 11105. What is the units digit of n?
5
Suppose 3*l - 33066 = -3*a, 0*l + 55090 = 5*l - 5*a. What is the tens digit of l?
2
Let l(q) = 7*q + 45. Let g(f) = 3*f + 18. Suppose 4*y + m + 2 = -0*y, -3*m = 5*y + 6. Let s be g(y). What is the units digit of l(s)?
1
Suppose 37*p - 3438 - 854 = 0. What is the units digit of p?
6
Let q be 1 + 8 - 1*(-3 - -2). Let z(y) = -q - 3*y**2 - 10*y + y**2 + y + y**2. What is the units digit of z(-7)?
4
Suppose -6*t + 19 = -5. Suppose 3*z - c - 2185 = 0, -4*c + 2892 = t*z - 0*z. What is the units digit of z?
7
Let d(m) = -418*m + 1510. What is the units digit of d(-10)?
0
Let c = 12751 - -31734. What is the hundreds digit of c?
4
Suppose 0 = -3*i - 2*a + 4061, -5*i + 3*a + 4597 = -2165. Suppose -5*q + l + i = 0, 0*q + 1078 = 4*q - 3*l. What is the tens digit of q?
7
Suppose 2*t = 6, -4*g + 2*t = -3 + 1. Suppose -3*s + 420 = s. Suppose -g*b + s + 37 = 0. What is the units digit of b?
1
Suppose -271*c + 265*c + 4644 = 0. What is the tens digit of c?
7
Suppose -3*j - 44*t + 48*t + 72664 = 0, 96856 = 4*j + 2*t. What is the hundreds digit of j?
2
Let f(g) = g**3 - 61*g**2 - 98*g - 1719. What is the tens digit of f(64)?
9
Suppose 5*k - 2*j - 113632 = 0, -90926 = -2022*k + 2018*k + 5*j. What is the ten thousands digit of k?
2
Let m = -24 - -28. Suppose -m*g + 319 = -137. Let c = g + 114. What is the tens digit of c?
2
Suppose -78*y = -978270 + 204064 - 212182. What is the ten thousands digit of y?
1
Suppose -4*q - 192 = -16*q. Suppose 27 = -p + q. Let x(a) = -a**2 - 21*a + 10. What is the units digit of x(p)?
0
Let f(l) = -l**2 - 23*l - 34. Let r be f(-19). Let j = 46 - r. Let b(z) = 11*z**2 + 4*z - 14. What is the hundreds digit of b(j)?
1
What is the units digit of 1 + (-219)/((-1225)/(-620) + -2)?
3
What is the thousands digit of 66/(-495) - 237381/(-45)?
5
Let n(h) = 5349*h + 69. What is the tens digit of n(4)?
6
Suppose 0 = 5*a - 2*o - 10, -4*a + 20 = a - 4*o. Suppose a = -2*r + 4*r. Suppose -2*g = 2*h - 194, r*g + 281 = 3*h + g. What is the units digit of h?
2
Suppose 4*m - 17 - 8 = -c, m = 3*c + 16. Suppose -2855 = -3*